*l**2 - 9*l - 23. Suppose 6 = 3*b - 15. Suppose -4*y = 4*m - 96, 2*y + 6 = 5*m - 86. What is the remainder when m is divided by a(b)?
8
Suppose -2*b + 117 = 3*o, -277 = -4*b - o - 18. Calculate the remainder when 1649 is divided by b.
65
Suppose -8*g + 66409 = 61009. Calculate the remainder when g is divided by 119.
80
Suppose 16420*a - 16430*a + 70 = 0. What is the remainder when 768 is divided by a?
5
Let c = -206 + 233. Suppose c = g - 17. Calculate the remainder when 88 is divided by g.
0
Suppose -s - 3*y - 13 = 0, -3*s + 5*y + 6 = -25. Suppose 4*x + 62 = s*u, -5*u - 6*x + 130 = -11*x. Calculate the remainder when u is divided by 4.
1
What is the remainder when 1816 is divided by (10/(-45) + (-2888)/(-36))/(2/15)?
16
Let k(a) = 24*a**2 - 92*a + 263. What is the remainder when 575 is divided by k(3)?
169
Calculate the remainder when 61 + -10 + 2/(2/(-5)) is divided by (-5)/((-10)/(-4)) - -26.
22
Suppose -4*g + 416 = 24*l - 22*l, -3*g = -l - 302. Calculate the remainder when 594 is divided by g.
84
Suppose 60*m = 58*m + 5*d + 40, -4*m + d = -44. What is the remainder when 2218 is divided by m?
8
Let c(b) = b**2 - 15*b + 20. Let d be c(12). Let y = d + 16. Suppose 6*x + 58 - 160 = y. Calculate the remainder when x is divided by 5.
2
Suppose -3*d + 14 = 5*w, 3*w = -d + 6 + 4. Suppose v - 7 = 4*g + 2*v, 5*g - 2*v + 12 = 0. What is the remainder when -5*(-6)/(-1)*g/10 is divided by w?
2
Let v = 432 + 321. Calculate the remainder when v is divided by 108.
105
Suppose -12 = 4*i - 80. Let c(s) = s**3 - 19*s**2 + 37*s - 46. What is the remainder when c(i) is divided by 4?
1
Let w be (-1)/1*(-8 - -2). Suppose 0 = -b + 3*j - 5, -w*j - 5 = -7*j. Calculate the remainder when 78 is divided by b.
8
Suppose 2876*d - 2897*d = -127995. What is the remainder when d is divided by 48?
47
What is the remainder when (-2394)/(-8) + ((-15)/(-48))/((-38)/152) is divided by 99?
1
Suppose -92*n + 90030 + 47491 = -55311. Calculate the remainder when n is divided by 4.
0
Suppose -3*h = 12, -4*g + 504 = -186*h + 183*h. Calculate the remainder when 367 is divided by g.
121
Suppose -16*l = 3*r - 12*l - 16, 0 = -7*r - 4*l + 64. What is the remainder when 1737 is divided by r?
9
Let h = -227 + 230. Suppose -4*g + h*a = -107, 4*a + 36 = 3*g - 46. Calculate the remainder when 232 is divided by g.
24
Let t = -3 - -9. Let n(l) = -740*l + 31. Let m(w) = 406*w - 16. Let a(r) = -9*m(r) - 5*n(r). What is the remainder when a(t) is divided by 67?
64
Let q(j) = 9*j - 207. Let k be q(24). Suppose 3*w = 7*l - k*l + 298, w - 4*l = 104. What is the remainder when w is divided by 28?
16
Let x(y) = y**2 - 74*y + 1357. Calculate the remainder when 105 is divided by x(42).
1
Let a = 115 - 23. Let b = -796 + 815. What is the remainder when a is divided by b?
16
Suppose -14 = -2*j + 22. Suppose -4*g = -8, -3*c + j = 5*g - 10. Suppose 0*x + c*x = 66. Calculate the remainder when 40 is divided by x.
7
Suppose -2*u - 79 - 258 = -3*k, 3*k - 336 = 3*u. Suppose -8908 = 2*t - 8934. Calculate the remainder when k is divided by t.
9
Let l = -27138 - -59512. What is the remainder when l is divided by 24?
22
Suppose a + 30 = 5*s, -2*s + 15 = 85*a - 86*a. Calculate the remainder when 247 is divided by s.
2
Let t = 12290 - 8102. What is the remainder when t/108 - -4*(-4)/(-72) is divided by 6?
3
Let w be (-35)/(-7)*(-1 - -2)/1. Suppose a - 10 + w = 0. Suppose 0*s + 2*s = -4*c + 120, a*s + c - 327 = 0. Calculate the remainder when s is divided by 23.
20
Suppose 0 = 12*x + 5*b - 15016, -3*x + 16*b = 17*b - 3752. Calculate the remainder when x is divided by 251.
244
Let n be (-9)/(-24) + (-106)/(-16) + -1. What is the remainder when 52 is divided by 6 + (-12)/n + 7?
8
Suppose -107 = -2*m - 2*m + h, 117 = 4*m + h. Suppose -5*j - i = -4*j - 186, -3*i - 170 = -j. Let b = j + -103. What is the remainder when b is divided by m?
23
Let y(r) = -7*r + 12 + 0*r - 8*r + 3*r. Let m be y(8). What is the remainder when m/(-10)*(-70)/(-21) is divided by 16?
12
Suppose -4*g - 3122 + 650 = -28*g. What is the remainder when g is divided by 35?
33
Suppose 0*d = 24*d. What is the remainder when 366 is divided by (24 - d) + -3 + -3 + -2?
14
Let i = 12 - -37. What is the remainder when i is divided by (200/(-180))/((-5)/45)?
9
Suppose -46*h - 8 = -4*h - 932. Calculate the remainder when (-6)/(-4)*(-1208)/(-12) is divided by h.
19
Suppose -4*h = 4*w + 16 - 20, -5*h + 4*w = 4. Suppose h = 2*s - s + 5*o - 115, 641 = 5*s + 3*o. Calculate the remainder when s is divided by 12.
10
Let v(i) = i + 7. Let y(k) = 15*k**2 + 9*k + 8. Let w be y(-1). What is the remainder when 81 is divided by v(w)?
18
Suppose -104*r + 86*r = -10548. Calculate the remainder when r is divided by 148.
142
Suppose -p + 4*c = c - 29, -58 = -2*p - 2*c. Calculate the remainder when (-46)/(-23)*(516/32)/((-3)/(-4)) is divided by p.
14
Suppose -968 = -19*m - 172 + 78. Calculate the remainder when m is divided by 5/(-20) - (-106)/8.
7
Suppose p = -3*c + 61, 6*p - 10*p = -4*c - 180. Suppose -4*h = i + 11, 20 = -3*i - 3*h - 58. Let q = 50 + i. Calculate the remainder when p is divided by q.
11
What is the remainder when 703 is divided by (-13)/((-975)/20)*(-10)/1*-33?
87
What is the remainder when (4 - 12)/(28/(-7301)) is divided by 54?
34
Let y = 5042 - 2439. What is the remainder when y is divided by 1299?
5
Let x = 186 + -188. Let k(n) = 9*n**2 - 13*n - 32. Calculate the remainder when 148 is divided by k(x).
28
Suppose -21 = u - 8*u. Suppose u*n - 2*q = 342, -40*n - 5*q + 114 = -39*n. Calculate the remainder when n is divided by 10.
4
Suppose 1911 = 46*x + 393. Calculate the remainder when 121 is divided by x.
22
Suppose 0 = -7*j + 4*n + 92, -5*j - n + 4 = -81. What is the remainder when 727 is divided by j?
7
Let s = 13 - 6. Suppose 2*m - 37 = -11. Suppose -n + m*n = 408. Calculate the remainder when n is divided by s.
6
Calculate the remainder when 155 is divided by ((-45)/35 - 15)/((-27)/63).
3
Let n = 493 + 2205. Calculate the remainder when n is divided by 30.
28
Let p(j) = j**3 + 2*j**2 - j - 13. Let l be p(0). Let i(v) = -v**3 - 9*v**2 + 38*v - 9. Calculate the remainder when i(l) is divided by 44.
41
Let k(j) = j**3 + 12*j**2 + 8. Let m = -67 + 112. Calculate the remainder when m is divided by k(-12).
5
What is the remainder when (-7 - -2)*(-6388)/5 - (793 - 792) is divided by 7?
3
Suppose n + 4*d - 3128 + 3096 = 0, -4*n + 128 = 4*d. Calculate the remainder when 801 is divided by n.
1
Suppose -r = 3*g - 1918, -11*g = -14*g + 3*r + 1926. What is the remainder when g is divided by 156?
16
Suppose 0 = 2*x - 3*x + 20. Suppose -2*z = -4*g - 6, -10*g = -11*g + 5*z - 15. Suppose 5*w - 383 + 98 = g. What is the remainder when w is divided by x?
17
Let s be -5*(-24)/90*3. Suppose 0 = -s*b + 11*b - 21. Calculate the remainder when 111 is divided by b.
0
Let a be (-5915)/(-49) - 2/(-7). Let h = a + -17. Calculate the remainder when h is divided by 21.
20
Let w(l) = l**2 - 117*l - 2359. Calculate the remainder when 276 is divided by w(136).
51
Let v = 206 - 256. Let k = v - -64. What is the remainder when 125 is divided by k?
13
Calculate the remainder when (5/(-3))/((-64)/9408) is divided by 1.
0
Suppose -5*w + 388 = 4*p, -9*w - 360 = -4*p - 7*w. Suppose -20*a + p = -16*a + 3*d, 2*d = -3*a + 70. What is the remainder when a is divided by 5?
1
Let m(g) = -52*g**3 + 2*g**2 + 2*g + 1. Suppose -b + 163 = -5*s, 32*s = -4*b + 35*s + 533. What is the remainder when b is divided by m(-1)?
22
Let q be 29/(-87) - (1 + 92/(-6)). Let n = q - 2. Calculate the remainder when 71 is divided by n.
11
Let f = -25 + 56. Let j(d) = d - 2*d**2 + d**3 + 19 - 9*d - 27. What is the remainder when j(6) is divided by f?
26
Let g = -142 - -182. Suppose 4*w - 3*c - 2*c = 327, 5*c = 2*w - 171. Calculate the remainder when w is divided by g.
38
Suppose 0 = -2*y - 34 + 32. Let h be 2*(57/(-6) - y/(-2)). Calculate the remainder when 69/5 - 4/h is divided by 8.
6
Suppose -5817 - 6189 = -138*j. What is the remainder when 11135 is divided by j?
86
Let p be (-18)/(-8)*(-2)/(-2)*12. Suppose 11*n = p + 72. Calculate the remainder when 25 + ((-4)/(-6))/(8/(-12)) is divided by n.
6
Let c(l) = -4*l**2 - 3*l + 2. Let s be c(1). Calculate the remainder when 135 is divided by (10/8)/(-1)*(s + -11).
15
Let o(